).
127
Let y(o) = -o**2 - 7*o + 19. Determine y(-8).
11
Let l(i) = 3*i + 13. Determine l(-6).
-5
Let x(w) = -3*w + 52. What is x(18)?
-2
Let b(u) = u**2 + 3*u. Give b(-4).
4
Let t(p) = 16*p - 86. Calculate t(5).
-6
Let v(j) = -j**2 + 19*j - 31. Give v(17).
3
Let s(t) = t**3 + 6*t**2 + 6*t + 6. Give s(-4).
14
Let m(b) = b**2 - 4*b. Calculate m(6).
12
Let u(n) = -9*n + 3. Give u(-1).
12
Let a(h) = -2*h + 8. Calculate a(-6).
20
Let f(h) = -2*h**3 + 5*h**2 + 4*h. What is f(3)?
3
Let c(a) = 2*a**2 - a + 1. Determine c(-2).
11
Let c(k) = -40*k - 52. Give c(-1).
-12
Let l(m) = -m**2 - 4*m + 4. Determine l(-9).
-41
Let d(t) = 12*t - 24. Calculate d(5).
36
Let c(m) = 102*m**3 - m**2. Give c(-1).
-103
Let b(m) = m**3 - 18*m**2 - 21*m + 41. Determine b(19).
3
Let x(l) = -4*l**3 - 3*l - 4. Determine x(-1).
3
Let j(a) = 324*a + 3887. Give j(-12).
-1
Let a(y) = y**2 + 8*y + 6. Give a(-7).
-1
Let y(w) = -w**3 - 10*w**2 - 2*w + 6. Determine y(-10).
26
Let t(x) = -5*x**3 - x**2 + 2*x - 1. Calculate t(-2).
31
Let k(d) = -d - 2. Determine k(-10).
8
Let b(l) = 11*l - 5. Determine b(-5).
-60
Let w(v) = 2*v**3 + 8*v**2 + 11*v - 1. Give w(-5).
-106
Let n(b) = -b**3 - 5*b**2 + 7*b + 10. Calculate n(-6).
4
Let v(l) = -l**2 - 6*l - 7. Calculate v(-3).
2
Let x(r) = -r**2 + 11*r - 7. Give x(7).
21
Let o(v) = 3*v - 29. Determine o(8).
-5
Let x(i) = -i**2 - 5*i + 3. What is x(-5)?
3
Let v(d) = -3*d - 6. Determine v(-7).
15
Let c(h) = -h**2 + 2*h - 1. Give c(5).
-16
Let k(u) = u**3 + 12*u**2 + 12*u + 18. Determine k(-11).
7
Let s(k) = -42*k**3 + 2*k**2 - k. Determine s(1).
-41
Let z(h) = -8*h**2 - 13*h + 1. Give z(-1).
6
Let f(y) = -y**2 - 15*y + 53. Determine f(-17).
19
Let s(n) = -7*n + 10. Give s(5).
-25
Let c(l) = l**3 + 9*l**2 + 3*l - 13. Calculate c(-8).
27
Let g(z) = -2*z**2 - 5*z + 4. What is g(-5)?
-21
Let y(f) = -f**2 - 7*f - 5. Determine y(-10).
-35
Let x(z) = -z**2 + 28*z - 26. Determine x(26).
26
Let i(d) = -2*d**2 + 3*d + 12. What is i(-2)?
-2
Let z(v) = 2*v**2 + 8*v + 6. Calculate z(-4).
6
Let l(q) = q**2 + 9*q - 77. Give l(-14).
-7
Let x(t) = t**3 + t**2 + t + 11. Determine x(0).
11
Let j(f) = -f**3 + 8*f**2 - 14*f + 5. What is j(6)?
-7
Let g(u) = 4*u**2 - 3*u - 5. What is g(-4)?
71
Let j(i) = i**2 + 16*i + 4. What is j(-17)?
21
Let b(l) = -l**3 - 3*l**2 + 6*l - 1. What is b(-4)?
-9
Let z(g) = 2*g - 5. What is z(7)?
9
Let z(q) = -q**3 + 4*q**2 - 3*q + 5. Determine z(3).
5
Let i(c) = 14*c - 83. What is i(6)?
1
Let p(v) = v**3 - v - 30. Give p(0).
-30
Let g(a) = -a**3 - 8*a**2 - 2*a - 7. Give g(-8).
9
Let k(d) = -2*d**3 - 2*d + 3. Give k(-3).
63
Let h(a) = -a**3 + 7*a**2 - 4*a + 9. What is h(7)?
-19
Let v(a) = a**3 + 6*a**2 - 7*a - 7. Give v(-7).
-7
Let x(d) = -d**2 - 15*d - 12. What is x(-12)?
24
Let p(s) = 15*s + 365. What is p(-24)?
5
Let t(v) = v**2 + 2*v + 9. Determine t(-6).
33
Let u(w) = w**2 - 16*w - 84. Calculate u(20).
-4
Let p(q) = -q**3 - 2*q**2 + 5*q - 12. Calculate p(-4).
0
Let h(g) = -4*g - 26. Calculate h(-6).
-2
Let c(t) = t**2 + 3*t + 61. Determine c(0).
61
Let w(x) = -x + 4. Give w(-5).
9
Let b(r) = -3*r + 13. Determine b(7).
-8
Let g(w) = -22*w**2 + 2*w. Give g(-1).
-24
Let p(f) = f**3 - 3*f**2 - 7*f + 4. Give p(5).
19
Let y(d) = -d**2 + 6. Give y(5).
-19
Let u(p) = 8*p**3 + 4*p + 3. Calculate u(-1).
-9
Let h(k) = -k**2 + 10*k + 13. Determine h(12).
-11
Let i(w) = -12*w**2 + w + 1. Give i(2).
-45
Let b(a) = 2*a**2 - 6*a. What is b(4)?
8
Let a(g) = -2*g**3 + 59*g**2 + 30*g - 8. Determine a(30).
-8
Let n(i) = -i**2 - 14*i + 30. Calculate n(-14).
30
Let y(t) = t**3 - 5*t**2 + 6*t - 11. What is y(4)?
-3
Let o(f) = f**3 + 7*f**2 + 10*f - 4. Give o(-5).
-4
Let k(o) = -o + 10. What is k(-7)?
17
Let v(s) = -9*s + 13. Give v(3).
-14
Let a(h) = -2*h**2 - h + 11. Calculate a(0).
11
Let y(g) = -2*g + 32. Determine y(11).
10
Let h(o) = -o**3 + 13*o**2 - 24*o - 5. Determine h(11).
-27
Let r(h) = -h**3 - h**2 + 3*h - 4. Calculate r(-3).
5
Let i(d) = -d**3 - d**2 + 4*d - 24. What is i(-4)?
8
Let g(p) = 3*p**2 - 7. Give g(-3).
20
Let b(v) = -v**2 - 19*v - 49. Give b(-16).
-1
Let g(a) = 2*a + 5. What is g(-4)?
-3
Let y(d) = -d - 13. Give y(0).
-13
Let f(u) = -u**2 - 9*u - 6. Determine f(-7).
8
Let b(g) = -13*g - 11. Calculate b(9).
-128
Let d(n) = 23*n + 378. Determine d(-17).
-13
Let q(n) = -n**3 + 6*n**2 - 5*n. Give q(5).
0
Let n(o) = o**3 + 14*o**2 + 13*o + 1. Give n(-13).
1
Let n(j) = -32*j + 162. What is n(5)?
2
Let t(w) = -w**2 - 8*w - 3. Calculate t(-4).
13
Let h(a) = -a**3 + 4*a**2 - 1. Give h(4).
-1
Let y(z) = 3*z - 63. Determine y(11).
-30
Let q(t) = t**2 - 3*t - 8. Determine q(4).
-4
Let h(u) = -5*u + 4. Give h(-23).
119
Let c(z) = -2*z**3 - 29*z**2 - 15*z - 7. Give c(-14).
7
Let y(t) = t**3 + 61*t**2 + 2*t + 120. Determine y(-61).
-2
Let u(y) = -y - 15. Calculate u(-14).
-1
Let i(x) = 15*x**2 + 5*x + 3. What is i(-1)?
13
Let t(c) = 11*c + 63. Give t(0).
63
Let z(w) = w**3 - 5*w**2 - 12*w - 16. Give z(8).
80
Let w(k) = -14*k - 340. Calculate w(-24).
-4
Let l(v) = 2*v**2 + 2*v - 7. Give l(4).
33
Let l(a) = -6*a + 13. Give l(5).
-17
Let g(a) = 17*a**2 - 223*a + 32. What is g(13)?
6
Let q(v) = 15*v - 11. What is q(2)?
19
Let o(h) = -40*h + 7. Give o(2).
-73
Let b(k) = -k**3 - 45*k**2 - 125*k + 54. Give b(-42).
12
Let k(t) = -4*t - 6. Give k(-6).
18
Let h(r) = -8*r - 12. Give h(6).
-60
Let k(g) = -3*g + 6. Calculate k(1).
3
Let l(s) = -s**3 - 8*s**2 + 9*s + 9. Calculate l(-9).
9
Let t(f) = -5*f - 26. Determine t(-6).
4
Let o(d) = d - 4. What is o(4)?
0
Let v(d) = -4*d - 31. Calculate v(-5).
-11
Let i(u) = -4*u + 3. Calculate i(-2).
11
Let o(l) = -2*l**2 - 20*l + 13. Calculate o(-11).
-9
Let n(j) = -9*j**2 + 4*j - 5. Give n(1).
-10
Let m(a) = 6*a - 138. Determine m(26).
18
Let s(g) = g**3 - 20*g**2 + 24*g - 70. Give s(19).
25
Let x(f) = 6*f**2 + 3*f + 1. Calculate x(-3).
46
Let m(j) = 2*j + 8. Calculate m(-2).
4
Let u(d) = -4*d**2 + 2*d + 1. Determine u(2).
-11
Let m(u) = u**2 + 16*u + 8. Determine m(-15).
-7
Let s(h) = -h**3 + 7*h**2 + 11*h - 23. Give s(8).
1
Let i(q) = q**3 + 3*q**2 - 10*q - 7. What is i(-7)?
-133
Let h(p) = -3*p + 5. Calculate h(1).
2
Let h(l) = 6*l**2 + 2*l + 2. Determine h(-1).
6
Let d(c) = 2*c - 17. Give d(8).
-1
Let c(d) = 2*d**2 - d - 18. What is c(3)?
-3
Let f(w) = w**3 + 9*w**2 + 7*w + 25. Calculate f(-9).
-38
Let q(k) = 119*k + 1550. Calculate q(-13).
3
Let b(y) = -4*y + 19. What is b(8)?
-13
Let s(h) = -h**2 + 52*h - 52. Determine s(51).
-1
Let i(j) = -j + 14. What is i(8)?
6
Let z(n) = -2*n + 27. Give z(8).
11
Let m(i) = i**2 + 8*i + 3. What is m(-2)?
-9
Let z(x) = x**3 + 7*x**2 - 6*x + 1. Give z(-7).
43
Let p(s) = s**3 - 15*s**2 - 15*s - 16. What is p(16)?
0
Let r(k) = -k**3 + 4*k**2 + k + 24. Give r(5).
4
Let v(f) = -f**3 - 3*f**2 + f + 3. Determine v(-4).
15
Let m(v) = 16*v + 13. What is m(-4)?
-51
Let j(i) = -i**2 - 11*i + 19. Give j(-12).
7
Let d(w) = -w**2 - 14*w + 4. Give d(-16).
-28
Let a(o) = o**3 - 8*o**2 - o + 57. Calculate a(7).
1
Let t(c) = c - 21. What is t(13)?
-8
Let n(p) = 47*p**3 + p**2 - 2*p. Determine n(1).
46
Let b(q) = -2*q**2 + 16*q - 48. What is b(4)?
-16
Let m(u) = 2*u - 2. What is m(-3)?
-8
Let n(f) = f**3 - 7*f**2 - 5*f - 25. Give n(8).
-1
Let k(s) = -2*s**3 + s**2 - 3*s - 15. Calculate k(0).
-15
Let t(v) = 32*v + 160. What is t(-5)?
0
Let j(r) = 2*r + 7. Calculate j(-13).
-19
Let b(l) = l**3 - 8*l**2 - 28*l + 18. Determine b(11).
73
Let d(y) = 3*y - 24. Calculate d(10).
6
Let i(a) = a**2 - 12*a + 2. Calculate i(10).
-18
Let d(p) = -p**3 + 14*p**2 + 13*p - 13. Calculate d(15).
-43
Let n(j) = -j**3 + 4*j**2 - 30*j + 81. Give n(3).
0
Let m(r) = r**2 - 8*r - 16. Give m(11).
17
Let p(i) = -i + 7. What is p(3)?
4
Let i(t) = t**2 + t + 10. Calculate i(5).
40
Let h(j) = 20*j + 2. What is h(1)?
22
Let m(y) = -5*y - 2. Determine m(-2).
8
Let d(s) = s**2 + 5*s - 4. Give d(0).
-4
Let m(u) = -6*u**3 + 2*u**2 + u + 1. Give m(-2).
55
Let v(p) = 2*p**2 + 15*p - 31. Give v(-9).
-4
Let c(j) = -j**2 - 12*j - 12. What is c(-11)?
-1
Let i(v) = -24*v + 274. What is i(11)?
10
Let q(p) = -2*p. Calculate q(-12).
24
Let s(i) = -4*i**2 + 8*i - 5. Determine s(2).
-5
Let t(s) = 3*s**2 + 12*s + 3. Determine t(-3).
-6
Let p(v) = -v**3 + 6*v**2 + 2*v - 10. Determine p(3).
23
Let i(z) = 56*z + 6. Determine i(2).
118
Let d(